se 11?
136a
Convert -21145 (base 6) to base 13.
-1400
What is 450060 (base 7) in base 8?
232653
-54351 (base 6) to base 14
-2a27
What is 21525 (base 8) in base 9?
13360
Convert -1250 (base 11) to base 5.
-23003
Convert 8128 (base 10) to base 4.
1333000
-2600 (base 9) to base 6
-13000
-c2 (base 16) to base 2
-11000010
11010000 (base 2) to base 6
544
100022 (base 3) to base 2
11111011
What is 113 (base 4) in base 14?
19
Convert 22330312 (base 4) to base 15.
d454
What is -10231202 (base 4) in base 10?
-19298
-23652 (base 8) to base 2
-10011110101010
What is -3b14 (base 15) in base 6?
-134231
Convert -100220 (base 4) to base 12.
-748
Convert -1699 (base 13) to base 11.
-2564
Convert 106142 (base 8) to base 2.
1000110001100010
What is -405 (base 12) in base 4?
-21011
Convert 994 (base 10) to base 4.
33202
225 (base 15) to base 7
1262
What is -201012 (base 5) in base 4?
-1203232
What is 11000111110111 (base 2) in base 11?
9679
What is 16c3 (base 14) in base 3?
12121112
What is -1212 (base 6) in base 3?
-101222
Convert 14210 (base 7) to base 6.
25542
-465 (base 9) to base 7
-1055
Convert -2dda (base 16) to base 6.
-130202
-106 (base 12) to base 3
-12120
2222200 (base 3) to base 15
9a3
155 (base 7) to base 6
225
-35164 (base 7) to base 11
-6854
13113300 (base 4) to base 9
45366
Convert 5606 (base 7) to base 15.
8e5
Convert -37463 (base 8) to base 15.
-4bd9
Convert -6b3 (base 12) to base 4.
-33213
Convert 530 (base 7) to base 4.
10022
What is -1110010101111 (base 2) in base 3?
-101001222
-2081 (base 11) to base 13
-1338
What is 398 (base 10) in base 16?
18e
2505 (base 6) to base 7
1541
What is -1423 (base 5) in base 2?
-11101110
Convert -45061 (base 11) to base 6.
-1222130
9851 (base 11) to base 2
11001011001011
What is -729a (base 12) in base 13?
-58c9
Convert -6896 (base 13) to base 10.
-14657
What is -220310 (base 4) in base 5?
-40422
Convert 10010101011 (base 2) to base 8.
2253
-52c0 (base 13) to base 12
-6787
-45 (base 8) to base 2
-100101
-11000111001111 (base 2) to base 8
-30717
What is 10010110000101 (base 2) in base 5?
301410
What is 350042 (base 6) in base 11?
20462
What is 10110010001 (base 2) in base 5?
21200
Convert 167 (base 14) to base 4.
10133
What is 368c (base 14) in base 3?
111002001
Convert -1101010100 (base 2) to base 14.
-44c
What is -13744 (base 9) in base 8?
-22213
What is 7021 (base 10) in base 16?
1b6d
Convert -1010010000 (base 2) to base 8.
-1220
What is 110202 (base 3) in base 14?
1a8
13101 (base 5) to base 6
4430
-2052 (base 6) to base 2
-111010000
-140401 (base 5) to base 7
-22460
Convert -5395 (base 10) to base 3.
-21101211
13013 (base 4) to base 14
247
-12110 (base 3) to base 14
-a7
Convert 617 (base 13) to base 2.
10000001010
-221 (base 6) to base 9
-104
What is 429 (base 10) in base 2?
110101101
What is 300222 (base 6) in base 15?
6e0e
-26b (base 16) to base 5
-4434
Convert -122202 (base 3) to base 4.
-13133
Convert -6b9 (base 16) to base 9.
-2322
Convert -25a7 (base 11) to base 14.
-133a
What is -812 (base 16) in base 7?
-6011
What is 1194 (base 10) in base 6?
5310
-1511 (base 6) to base 10
-403
Convert -10111101101101 (base 2) to base 7.
-50253
What is -3a30 (base 11) in base 15?
-1841
58616 (base 9) to base 10
39138
-15a3 (base 14) to base 13
-19b6
Convert -61203 (base 8) to base 16.
-6283
Convert -20111111 (base 3) to base 11.
-3618
-707 (base 9) to base 13
-352
-1002033 (base 4) to base 15
-13c9
Convert 2b16 (base 13) to base 16.
1880
80c5 (base 13) to base 15
53c7
Convert 19d5 (base 15) to base 2.
1010111100000
90b (base 16) to base 6
14415
What is -22 (base 3) in base 9?
-8
What is 4431 (base 6) in base 7?
2665
c044 (base 16) to base 7
263333
What is -115d3 (base 14) in base 7?
-234253
-595c (base 13) to base 11
-94aa
Convert -23020 (base 6) to base 13.
-1632
-496 (base 11) to base 6
-2421
Convert -101101001 (base 2) to base 7.
-1024
What is -531 (base 14) in base 10?
-1023
Convert 11010101 (base 2) to base 4.
3111
What is 1222222 (base 4) in base 13?
3151
1b95 (base 15) to base 10
5990
What is -30130 (base 4) in base 9?
-1074
-1320212 (base 4) to base 13
-3689
What is 30171 (base 10) in base 11?
20739
What is -173 (base 10) in base 4?
-2231
-10001010010 (base 2) to base 3
-1111222
What is -1140 (base 9) in base 8?
-1516
Convert -36618 (base 10) to base 2.
-1000111100001010
What is 8324 (base 12) in base 14?
52c4
-3531 (base 7) to base 13
-789
What is 150 (base 6) in base 4?
1002
Convert -3330211 (base 4) to base 9.
-24151
What is -469a (base 12) in base 4?
-1323112
Convert 1413 (base 7) to base 2.
1000100101
Convert -214323 (base 5) to base 2.
-1110100100111
2052 (base 7) to base 9
883
What is 65 (base 9) in base 10?
59
What is -56243 (base 8) in base 11?
-168aa
-1101001111 (base 2) to base 10
-847
Convert 5566 (base 10) to base 2.
1010110111110
What is -120002 (base 3) in base 8?
-627
212020110 (base 3) to base 2
100001000101101
Convert -130004 (base 8) to base 9.
-67726
What is -752 (base 8) in base 16?
-1ea
What is -547 (base 10) in base 11?
-458
-1111010110 (base 2) to base 11
-813
-1760 (base 8) to base 3
-1101100
Convert -546 (base 8) to base 6.
-1354
What is 19469 (base 11) in base 13?
c4a9
-1111 (base 8) to base 5
-4320
-2082b (base 12) to base 2
-1010011010100011
Convert -9627 (base 15) to base 11.
-21955
What is -11210 (base 5) in base 12?
-571
What is b13 (base 13) in base 11?
1455
215 (base 15) to base 14
258
10320 (base 9) to base 11
5142
30102 (base 6) to base 2
111101010110
Convert 110001111 (base 2) to base 8.
617
What is -1569 (base 16) in base 15?
-1956
Convert -88 (base 14) to base 6.
-320
Convert 137 (base 12) to base 3.
20221
Convert 401 (base 7) to base 9.
238
-62160 (base 7) to base 2
-11101101001111
-14372 (base 9) to base 2
-10011000111001
What is -100011000110100 (base 2) in base 13?
-8246
11002 (base 5) to base 8
1360
Convert 1779b (base 12) to base 10.
33959
What is -8ee (base 16) in base 8?
-4356
Convert 1c2 (base 14) to base 16.
16e
Convert 63622 (base 9) to base 5.
2321214
-1353 (base 6) to base 13
-216
11010 (base 5) to base 6
3255
What is -32a6 (base 14) in base 10?
-8770
What is -2243 (base 7) in base 8?
-1457
2310 (base 7) to base 11
6a4
Convert 4797 (base 10) to base 4.
1022331
What is 1705 (base 8) in base 6?
4245
Convert 15228 (base 9) to base 7.
42206
What is 4b8 (base 16) in base 9?
1582
What is 1013002 (base 4) in base 11?
3463
What is -14cc (base 16) in base 15?
-189e
Convert -1346 (base 7) to base 2.
-1000001100
-113316 (base 7) to base 11
-14363
Convert 2236 (base 10) to base 15.
9e1
What is 54d (base 16) in base 9?
1767
What is 222110012 (base 3) in base 7?
110135
Convert 1141 (base 5) to base 2.
10101011
Convert -7429 (base 10) to base 2.
-1110100000101
Convert 10159 (base 13) to base 16.
7084
-1031201 (base 4) to base 7
-20315
What is 4427 (base 9) in base 4?
303001
Convert -32031 (base 4) to base 7.
-2436
Convert -1690 (base 13) to base 16.
-d00
What is 33111 (base 6) in base 3?
20021121
Convert 11101212 (base 3) to base 7.
12233
What is -11458 (base 10) in base 7?
-45256
Convert 1021022 (base 4) to base 11.
3577
Convert -2a0 (base 13) to base 14.
-256
-279 (base 12) to base 7
-1053
-1211110 (base 3) to base 9
-1743
Convert 122202022 (base 3) to base 13.
5b76
24 (base 14) to base 12
28
-152 (base 15) to base 14
-178
Convert 3130 (base 5) to base 15.
1ca
What is 3001 (base 4) in base 15?
cd
What is 47545 (base 8) in base 16?
4f65
What is 40335 (base 8) in base 9?
24700
-234543 (base 6) to base 2
-101000000011111
260 (base 9) to base 10
216
Convert 16a7 (base 13) to base 10.
3348
Convert -110112 (base 3) to base 10.
-338
What is -7ad (base 14) in base 5?
-22100
What is 120021220 (base 3) in base 9?
16256
What is -171c2 (base 13) in base 9?
-66645
Convert -724 (base 15) to base 11.
-1233
Convert -4c26 (base 13) to base 2.
-10101001100000
What is 104216 (base 7) in base 16?
4772
Convert 211 (base 5) to base 6.
132
Convert -245 (base 8) to base 2.
-10100101
Convert -122433 (base 7) to base 6.
-252123
Convert 2424 (base 12) to base 14.
16a0
What is -2052 (base 6) in base 9?
-565
324a (base 14) to base 10
8690
110010101100 (base 2) to base 13
1627
Convert -405304 (base 6) to base 4.
-13320220
What is 3881 (base 11) in base 7?
20503
32322 (base 4) to base 11
798
What